{"id":29240,"date":"2025-12-14T20:52:06","date_gmt":"2025-12-14T20:52:06","guid":{"rendered":"https:\/\/lactedeco.fr\/?page_id=29240"},"modified":"2026-03-16T10:41:20","modified_gmt":"2026-03-16T10:41:20","slug":"decoration","status":"publish","type":"page","link":"https:\/\/lactedeco.fr\/index.php\/decoration\/","title":{"rendered":"D\u00e9coration"},"content":{"rendered":"\t\t<div data-elementor-type=\"wp-page\" data-elementor-id=\"29240\" class=\"elementor elementor-29240\">\n\t\t\t\t<div class=\"elementor-element elementor-element-07aff90 e-flex e-con-boxed e-con e-parent\" data-id=\"07aff90\" data-element_type=\"container\" data-e-type=\"container\">\n\t\t\t\t\t<div class=\"e-con-inner\">\n\t\t<div class=\"elementor-element elementor-element-b84136d e-con-full e-flex e-con e-child\" data-id=\"b84136d\" data-element_type=\"container\" data-e-type=\"container\">\n\t\t\t\t<div class=\"elementor-element elementor-element-42004b7 elementor-widget elementor-widget-heading\" data-id=\"42004b7\" data-element_type=\"widget\" data-e-type=\"widget\" data-widget_type=\"heading.default\">\n\t\t\t\t\t<h2 class=\"elementor-heading-title elementor-size-default\">MON ACCOMPAGNEMENT<\/h2>\t\t\t\t<\/div>\n\t\t\t\t<div class=\"elementor-element elementor-element-59ce2c1 elementor-widget-divider--view-line elementor-widget elementor-widget-divider\" data-id=\"59ce2c1\" data-element_type=\"widget\" data-e-type=\"widget\" data-widget_type=\"divider.default\">\n\t\t\t\t\t\t\t<div class=\"elementor-divider\">\n\t\t\t<span class=\"elementor-divider-separator\">\n\t\t\t\t\t\t<\/span>\n\t\t<\/div>\n\t\t\t\t\t\t<\/div>\n\t\t\t\t<div class=\"elementor-element elementor-element-ac62015 elementor-widget elementor-widget-text-editor\" data-id=\"ac62015\" data-element_type=\"widget\" data-e-type=\"widget\" data-widget_type=\"text-editor.default\">\n\t\t\t\t\t\t\t\t\t<p>Je vous accompagne pour imaginer et concevoir une d\u00e9coration qui vous ressemble, avec une approche personnalis\u00e9e de la premi\u00e8re id\u00e9e jusqu&#8217;\u00e0 la mise en place le jour J.<\/p><p>Mariage, bapt\u00eame, anniversaire, \u00e9v\u00e9nement professionnel&#8230; Tout y passe !<\/p><p>Pour commencer lors d&#8217;un 1er rendez-vous, autour d&#8217;un caf\u00e9 ou d&#8217;un \u00e9change visio, on prend le temps de faire connaissance, d&#8217;explorer vos envies, vos id\u00e9es, vos inspirations.<\/p><p>Pr\u00eat.e.s \u00e0 embarquer dans l&#8217;aventure avec L&#8217;acte d\u00e9co ? Alors, on y va ensemble ?<\/p>\t\t\t\t\t\t\t\t<\/div>\n\t\t\t\t<\/div>\n\t\t<div class=\"elementor-element elementor-element-fc008bc e-con-full e-flex e-con e-child\" data-id=\"fc008bc\" data-element_type=\"container\" data-e-type=\"container\">\n\t\t\t\t<div class=\"elementor-element elementor-element-931b92d elementor-widget elementor-widget-image\" data-id=\"931b92d\" data-element_type=\"widget\" data-e-type=\"widget\" data-widget_type=\"image.default\">\n\t\t\t\t\t\t\t\t\t\t\t\t\t\t\t<img fetchpriority=\"high\" decoding=\"async\" width=\"810\" height=\"592\" src=\"https:\/\/lactedeco.fr\/wp-content\/uploads\/2026\/01\/Decoration1.png\" class=\"attachment-large size-large wp-image-29549\" alt=\"\" \/>\t\t\t\t\t\t\t\t\t\t\t\t\t\t\t<\/div>\n\t\t\t\t<\/div>\n\t\t\t\t\t<\/div>\n\t\t\t\t<\/div>\n\t\t<div class=\"elementor-element elementor-element-92d7ba6 e-flex e-con-boxed e-con e-parent\" data-id=\"92d7ba6\" data-element_type=\"container\" data-e-type=\"container\">\n\t\t\t\t\t<div class=\"e-con-inner\">\n\t\t<div class=\"elementor-element elementor-element-ba49ebd e-con-full e-flex e-con e-child\" data-id=\"ba49ebd\" data-element_type=\"container\" data-e-type=\"container\">\n\t\t\t\t<div class=\"elementor-element elementor-element-8deee5c elementor-widget elementor-widget-heading\" data-id=\"8deee5c\" data-element_type=\"widget\" data-e-type=\"widget\" data-widget_type=\"heading.default\">\n\t\t\t\t\t<h2 class=\"elementor-heading-title elementor-size-default\">FORFAIT DE CONCEPTION<\/h2>\t\t\t\t<\/div>\n\t\t\t\t<div class=\"elementor-element elementor-element-f18816f elementor-widget-divider--view-line elementor-widget elementor-widget-divider\" data-id=\"f18816f\" data-element_type=\"widget\" data-e-type=\"widget\" data-widget_type=\"divider.default\">\n\t\t\t\t\t\t\t<div class=\"elementor-divider\">\n\t\t\t<span class=\"elementor-divider-separator\">\n\t\t\t\t\t\t<\/span>\n\t\t<\/div>\n\t\t\t\t\t\t<\/div>\n\t\t\t\t<div class=\"elementor-element elementor-element-fb6707a elementor-widget elementor-widget-text-editor\" data-id=\"fb6707a\" data-element_type=\"widget\" data-e-type=\"widget\" data-widget_type=\"text-editor.default\">\n\t\t\t\t\t\t\t\t\t<p>Le forfait de conception comprend :<\/p><p>&#8211; Des rendez-vous d&#8217;\u00e9change pour cerner vos envies et d\u00e9finir le style, l&#8217;ambiance, les mati\u00e8res et les couleurs.<br \/>&#8211; Une planche Pinterest personnalis\u00e9e\u00a0<br \/>&#8211; Une visite technique du lieu<br \/>&#8211; Le chiffrage d\u00e9taill\u00e9 et modifiable (cr\u00e9ations, locations, achats, diverses options).<br \/>&#8211; La recherche des prestataires li\u00e9s \u00e0 la d\u00e9coration et le suivi : graphiste, fleuriste, locations diverses&#8230;<br \/>&#8211; Toute la partie logistique et gestion : devis, commandes, coordonnation des livraisons.<br \/>Et bien s\u00fbr, la mise en place de votre d\u00e9coration avec douceur, pr\u00e9cision et beaucoup d&#8217;amour.<\/p><h3>Relax et let&#8217;s shine, \u00e0 partir de 980\u20ac.<\/h3>\t\t\t\t\t\t\t\t<\/div>\n\t\t\t\t<div class=\"elementor-element elementor-element-52eba3e elementor-widget elementor-widget-spacer\" data-id=\"52eba3e\" data-element_type=\"widget\" data-e-type=\"widget\" data-widget_type=\"spacer.default\">\n\t\t\t\t\t\t\t<div class=\"elementor-spacer\">\n\t\t\t<div class=\"elementor-spacer-inner\"><\/div>\n\t\t<\/div>\n\t\t\t\t\t\t<\/div>\n\t\t\t\t<\/div>\n\t\t<div class=\"elementor-element elementor-element-c6e3f70 e-con-full e-flex e-con e-child\" data-id=\"c6e3f70\" data-element_type=\"container\" data-e-type=\"container\">\n\t\t\t\t<div class=\"elementor-element elementor-element-c24f7ff elementor-widget elementor-widget-image\" data-id=\"c24f7ff\" data-element_type=\"widget\" data-e-type=\"widget\" data-widget_type=\"image.default\">\n\t\t\t\t\t\t\t\t\t\t\t\t\t\t\t<img decoding=\"async\" width=\"810\" height=\"592\" src=\"https:\/\/lactedeco.fr\/wp-content\/uploads\/2026\/01\/decoration2.png\" class=\"attachment-large size-large wp-image-29550\" alt=\"\" \/>\t\t\t\t\t\t\t\t\t\t\t\t\t\t\t<\/div>\n\t\t\t\t<\/div>\n\t\t\t\t\t<\/div>\n\t\t\t\t<\/div>\n\t\t<div class=\"elementor-element elementor-element-d946407 e-flex e-con-boxed e-con e-parent\" data-id=\"d946407\" data-element_type=\"container\" data-e-type=\"container\" data-settings=\"{&quot;background_background&quot;:&quot;classic&quot;}\">\n\t\t\t\t\t<div class=\"e-con-inner\">\n\t\t<div class=\"elementor-element elementor-element-06b92dd e-con-full e-flex e-con e-child\" data-id=\"06b92dd\" data-element_type=\"container\" data-e-type=\"container\">\n\t\t\t\t<div class=\"elementor-element elementor-element-393f088 elementor-widget elementor-widget-text-editor\" data-id=\"393f088\" data-element_type=\"widget\" data-e-type=\"widget\" data-widget_type=\"text-editor.default\">\n\t\t\t\t\t\t\t\t\t<h2>\u00c0 NOTER :<\/h2>\n<ul>\n<li>Forfait de conception \u00e0 la carte : forfait de conception de base + zone(s) suppl\u00e9mentaire(s) au choix &#8211; sur devis<\/li>\n<li>Forfait de conception complet = forfait de conception de base avec l&#8217;ajout de tous les espaces d\u00e9co : c\u00e9r\u00e9monie, cocktail, bar \u00e0 th\u00e8me, coin photo &#8211; \u00e0 partir de 1670\u20ac<\/li>\n<li>La d\u00e9coration, les fleurs et les frais de d\u00e9placement ne sont pas compris<\/li>\n<li>La d\u00e9sinstallation n&#8217;est pas inclus &#8211; Chiffrage possible sur demande<br><br><\/li>\n<\/ul>\t\t\t\t\t\t\t\t<\/div>\n\t\t\t\t<\/div>\n\t\t\t\t\t<\/div>\n\t\t\t\t<\/div>\n\t\t<div class=\"elementor-element elementor-element-6512981 e-flex e-con-boxed e-con e-parent\" data-id=\"6512981\" data-element_type=\"container\" data-e-type=\"container\">\n\t\t\t\t\t<div class=\"e-con-inner\">\n\t\t\t\t<div class=\"elementor-element elementor-element-33fa45a elementor-widget elementor-widget-spacer\" data-id=\"33fa45a\" data-element_type=\"widget\" data-e-type=\"widget\" data-widget_type=\"spacer.default\">\n\t\t\t\t\t\t\t<div class=\"elementor-spacer\">\n\t\t\t<div class=\"elementor-spacer-inner\"><\/div>\n\t\t<\/div>\n\t\t\t\t\t\t<\/div>\n\t\t\t\t<div class=\"elementor-element elementor-element-1a953e7 elementor-widget elementor-widget-heading\" data-id=\"1a953e7\" data-element_type=\"widget\" data-e-type=\"widget\" data-widget_type=\"heading.default\">\n\t\t\t\t\t<h2 class=\"elementor-heading-title elementor-size-default\">NOS PRODUITS EN LOCATION<\/h2>\t\t\t\t<\/div>\n\t\t\t\t<div class=\"elementor-element elementor-element-7071eb5 elementor-widget-divider--view-line elementor-widget elementor-widget-divider\" data-id=\"7071eb5\" data-element_type=\"widget\" data-e-type=\"widget\" data-widget_type=\"divider.default\">\n\t\t\t\t\t\t\t<div class=\"elementor-divider\">\n\t\t\t<span class=\"elementor-divider-separator\">\n\t\t\t\t\t\t<\/span>\n\t\t<\/div>\n\t\t\t\t\t\t<\/div>\n\t\t\t\t\t<\/div>\n\t\t\t\t<\/div>\n\t\t<div class=\"elementor-element elementor-element-6ef7dbd e-flex e-con-boxed e-con e-parent\" data-id=\"6ef7dbd\" data-element_type=\"container\" data-e-type=\"container\">\n\t\t\t\t\t<div class=\"e-con-inner\">\n\t\t\t\t<div class=\"elementor-element elementor-element-035e0e8 elementor-widget elementor-widget-bwp_product_list\" data-id=\"035e0e8\" data-element_type=\"widget\" data-e-type=\"widget\" data-widget_type=\"bwp_product_list.default\">\n\t\t\t\t<div class=\"elementor-widget-container\">\n\t\t\t\t\t\r\n\t<div id=\"bwp_default_13310701791775571763\" class=\"bwp_product_list default\">\r\n\t\t\t\t<div class=\"content products-list grid row\">\t\r\n\t\t\t\t\t<div class=\"item-product col-xl-4 col-lg-4 col-md-4 col-4\">\r\n\t\t\t\t\t\t\t\t\t<div class=\"products-entry content-product1 clearfix product-wapper\">\n\t<div class=\"products-thumb\">\n\t\t\t<div class='product-lable'>\n\t\t\t\t\t\t\t\t\n\t\t\t<\/div>\n<a href=\"https:\/\/lactedeco.fr\/index.php\/product\/photophore-4\/\" class=\"woocommerce-LoopProduct-link\"><img decoding=\"async\" width=\"300\" height=\"300\" src=\"https:\/\/lactedeco.fr\/wp-content\/uploads\/2026\/01\/2025_Lacte-Deco-18-300x300.jpg\" class=\"fade-in lazyload wp-post-image\" alt=\"\" loading=\"eager\" \/><\/a>\t\t<div class='product-button'>\n\t\t\t<a rel=\"nofollow\" href=\"\/index.php\/wp-json\/wp\/v2\/pages\/29240?add-to-cart=29525\" data-quantity=\"1\" data-product_id=\"29525\" data-product_sku=\"\" class=\"button product_type_simple add_to_cart_button ajax_add_to_cart\">Ajouter au panier<\/a><button class=\"woosw-btn woosw-btn-29525\" data-id=\"29525\" data-product_name=\"Photophore\" data-product_image=\"https:\/\/lactedeco.fr\/wp-content\/uploads\/2026\/01\/2025_Lacte-Deco-18-150x150.jpg\" aria-label=\"Add to wishlist\">Add to wishlist<\/button><span class=\"product-quickview\"><a href=\"#\" data-product_id=\"29525\" class=\"quickview quickview-button quickview-29525\" >Quick View <i class=\"feather-search\"><\/i><\/a><\/span>\t\t<\/div>\n\t\t\t<\/div>\n\t<div class=\"products-content\">\n\t\t<div class=\"contents\">\n\t\t\t\t\t\t<div class=\"rating none\">\n\t\t\t<div class=\"star-rating none\"><\/div>\n\t\t\t<div class=\"review-count\">\n\t\t\t\t(0 review)\n\t\t\t<\/div>\n\t\t<\/div>\n\t\t\t\t<h3 class=\"product-title\"><a href=\"https:\/\/lactedeco.fr\/index.php\/product\/photophore-4\/\">Photophore<\/a><\/h3>\n\t\t\t\n\t<span class=\"price\"><span class=\"woocommerce-Price-amount amount\"><bdi>3,00&nbsp;<span class=\"woocommerce-Price-currencySymbol\">&euro;<\/span><\/bdi><\/span><\/span>\n\t\t<\/div>\n\t<\/div>\n<\/div>\t\t\t\t\t\t\t<\/div>\r\n\t\t\t\t\t<div class=\"item-product col-xl-4 col-lg-4 col-md-4 col-4\">\r\n\t\t\t\t\t\t\t\t\t<div class=\"products-entry content-product1 clearfix product-wapper\">\n\t<div class=\"products-thumb\">\n\t\t\t<div class='product-lable'>\n\t\t\t\t\t\t\t\t\n\t\t\t<\/div>\n<a href=\"https:\/\/lactedeco.fr\/index.php\/product\/soliflore-2\/\" class=\"woocommerce-LoopProduct-link\"><img decoding=\"async\" width=\"300\" height=\"300\" src=\"https:\/\/lactedeco.fr\/wp-content\/uploads\/2026\/03\/2025_Lacte-Deco-31-300x300.jpg\" class=\"fade-in lazyload wp-post-image\" alt=\"\" loading=\"eager\" \/><\/a>\t\t<div class='product-button'>\n\t\t\t<a rel=\"nofollow\" href=\"\/index.php\/wp-json\/wp\/v2\/pages\/29240?add-to-cart=29760\" data-quantity=\"1\" data-product_id=\"29760\" data-product_sku=\"\" class=\"button product_type_simple add_to_cart_button ajax_add_to_cart\">Ajouter au panier<\/a><button class=\"woosw-btn woosw-btn-29760\" data-id=\"29760\" data-product_name=\"Soliflore\" data-product_image=\"https:\/\/lactedeco.fr\/wp-content\/uploads\/2026\/03\/2025_Lacte-Deco-31-150x150.jpg\" aria-label=\"Add to wishlist\">Add to wishlist<\/button><span class=\"product-quickview\"><a href=\"#\" data-product_id=\"29760\" class=\"quickview quickview-button quickview-29760\" >Quick View <i class=\"feather-search\"><\/i><\/a><\/span>\t\t<\/div>\n\t\t\t<\/div>\n\t<div class=\"products-content\">\n\t\t<div class=\"contents\">\n\t\t\t\t\t\t<div class=\"rating none\">\n\t\t\t<div class=\"star-rating none\"><\/div>\n\t\t\t<div class=\"review-count\">\n\t\t\t\t(0 review)\n\t\t\t<\/div>\n\t\t<\/div>\n\t\t\t\t<h3 class=\"product-title\"><a href=\"https:\/\/lactedeco.fr\/index.php\/product\/soliflore-2\/\">Soliflore<\/a><\/h3>\n\t\t\t\n\t<span class=\"price\"><span class=\"woocommerce-Price-amount amount\"><bdi>1,80&nbsp;<span class=\"woocommerce-Price-currencySymbol\">&euro;<\/span><\/bdi><\/span><\/span>\n\t\t<\/div>\n\t<\/div>\n<\/div>\t\t\t\t\t\t\t<\/div>\r\n\t\t\t\t\t<div class=\"item-product col-xl-4 col-lg-4 col-md-4 col-4\">\r\n\t\t\t\t\t\t\t\t\t<div class=\"products-entry content-product1 clearfix product-wapper\">\n\t<div class=\"products-thumb\">\n\t\t\t<div class='product-lable'>\n\t\t\t\t\t\t\t\t\n\t\t\t<\/div>\n<a href=\"https:\/\/lactedeco.fr\/index.php\/product\/photophore-7\/\" class=\"woocommerce-LoopProduct-link\"><img decoding=\"async\" width=\"300\" height=\"300\" src=\"https:\/\/lactedeco.fr\/wp-content\/uploads\/2026\/03\/2025_Lacte-Deco-29-1-300x300.jpg\" class=\"fade-in lazyload wp-post-image\" alt=\"\" loading=\"eager\" \/><\/a>\t\t<div class='product-button'>\n\t\t\t<a rel=\"nofollow\" href=\"\/index.php\/wp-json\/wp\/v2\/pages\/29240?add-to-cart=29755\" data-quantity=\"1\" data-product_id=\"29755\" data-product_sku=\"\" class=\"button product_type_simple add_to_cart_button ajax_add_to_cart\">Ajouter au panier<\/a><button class=\"woosw-btn woosw-btn-29755\" data-id=\"29755\" data-product_name=\"Photophore\" data-product_image=\"https:\/\/lactedeco.fr\/wp-content\/uploads\/2026\/03\/2025_Lacte-Deco-29-1-150x150.jpg\" aria-label=\"Add to wishlist\">Add to wishlist<\/button><span class=\"product-quickview\"><a href=\"#\" data-product_id=\"29755\" class=\"quickview quickview-button quickview-29755\" >Quick View <i class=\"feather-search\"><\/i><\/a><\/span>\t\t<\/div>\n\t\t\t<\/div>\n\t<div class=\"products-content\">\n\t\t<div class=\"contents\">\n\t\t\t\t\t\t<div class=\"rating none\">\n\t\t\t<div class=\"star-rating none\"><\/div>\n\t\t\t<div class=\"review-count\">\n\t\t\t\t(0 review)\n\t\t\t<\/div>\n\t\t<\/div>\n\t\t\t\t<h3 class=\"product-title\"><a href=\"https:\/\/lactedeco.fr\/index.php\/product\/photophore-7\/\">Photophore<\/a><\/h3>\n\t\t\t\n\t<span class=\"price\"><span class=\"woocommerce-Price-amount amount\"><bdi>2,50&nbsp;<span class=\"woocommerce-Price-currencySymbol\">&euro;<\/span><\/bdi><\/span><\/span>\n\t\t<\/div>\n\t<\/div>\n<\/div>\t\t\t\t\t\t\t<\/div>\r\n\t\t\t\t\t<div class=\"item-product col-xl-4 col-lg-4 col-md-4 col-4\">\r\n\t\t\t\t\t\t\t\t\t<div class=\"products-entry content-product1 clearfix product-wapper\">\n\t<div class=\"products-thumb\">\n\t\t\t<div class='product-lable'>\n\t\t\t\t\t\t\t\t\n\t\t\t<\/div>\n<a href=\"https:\/\/lactedeco.fr\/index.php\/product\/vase\/\" class=\"woocommerce-LoopProduct-link\"><img decoding=\"async\" width=\"300\" height=\"300\" src=\"https:\/\/lactedeco.fr\/wp-content\/uploads\/2026\/01\/2025_Lacte-Deco-6-300x300.jpg\" class=\"fade-in lazyload wp-post-image\" alt=\"\" loading=\"eager\" \/><\/a>\t\t<div class='product-button'>\n\t\t\t<a rel=\"nofollow\" href=\"\/index.php\/wp-json\/wp\/v2\/pages\/29240?add-to-cart=29503\" data-quantity=\"1\" data-product_id=\"29503\" data-product_sku=\"\" class=\"button product_type_simple add_to_cart_button ajax_add_to_cart\">Ajouter au panier<\/a><button class=\"woosw-btn woosw-btn-29503\" data-id=\"29503\" data-product_name=\"Vase\" data-product_image=\"https:\/\/lactedeco.fr\/wp-content\/uploads\/2026\/01\/2025_Lacte-Deco-6-150x150.jpg\" aria-label=\"Add to wishlist\">Add to wishlist<\/button><span class=\"product-quickview\"><a href=\"#\" data-product_id=\"29503\" class=\"quickview quickview-button quickview-29503\" >Quick View <i class=\"feather-search\"><\/i><\/a><\/span>\t\t<\/div>\n\t\t\t<\/div>\n\t<div class=\"products-content\">\n\t\t<div class=\"contents\">\n\t\t\t\t\t\t<div class=\"rating none\">\n\t\t\t<div class=\"star-rating none\"><\/div>\n\t\t\t<div class=\"review-count\">\n\t\t\t\t(0 review)\n\t\t\t<\/div>\n\t\t<\/div>\n\t\t\t\t<h3 class=\"product-title\"><a href=\"https:\/\/lactedeco.fr\/index.php\/product\/vase\/\">Vase<\/a><\/h3>\n\t\t\t\n\t<span class=\"price\"><span class=\"woocommerce-Price-amount amount\"><bdi>2,00&nbsp;<span class=\"woocommerce-Price-currencySymbol\">&euro;<\/span><\/bdi><\/span><\/span>\n\t\t<\/div>\n\t<\/div>\n<\/div>\t\t\t\t\t\t\t<\/div>\r\n\t\t\t\t\t<div class=\"item-product col-xl-4 col-lg-4 col-md-4 col-4\">\r\n\t\t\t\t\t\t\t\t\t<div class=\"products-entry content-product1 clearfix product-wapper\">\n\t<div class=\"products-thumb\">\n\t\t\t<div class='product-lable'>\n\t\t\t\t\t\t\t\t\n\t\t\t<\/div>\n<a href=\"https:\/\/lactedeco.fr\/index.php\/product\/vase-2\/\" class=\"woocommerce-LoopProduct-link\"><img decoding=\"async\" width=\"300\" height=\"300\" src=\"https:\/\/lactedeco.fr\/wp-content\/uploads\/2026\/01\/2025_Lacte-Deco-7-300x300.jpg\" class=\"fade-in lazyload wp-post-image\" alt=\"\" loading=\"eager\" \/><\/a>\t\t<div class='product-button'>\n\t\t\t<a rel=\"nofollow\" href=\"\/index.php\/wp-json\/wp\/v2\/pages\/29240?add-to-cart=29505\" data-quantity=\"1\" data-product_id=\"29505\" data-product_sku=\"\" class=\"button product_type_simple add_to_cart_button ajax_add_to_cart\">Ajouter au panier<\/a><button class=\"woosw-btn woosw-btn-29505\" data-id=\"29505\" data-product_name=\"Vase\" data-product_image=\"https:\/\/lactedeco.fr\/wp-content\/uploads\/2026\/01\/2025_Lacte-Deco-7-150x150.jpg\" aria-label=\"Add to wishlist\">Add to wishlist<\/button><span class=\"product-quickview\"><a href=\"#\" data-product_id=\"29505\" class=\"quickview quickview-button quickview-29505\" >Quick View <i class=\"feather-search\"><\/i><\/a><\/span>\t\t<\/div>\n\t\t\t<\/div>\n\t<div class=\"products-content\">\n\t\t<div class=\"contents\">\n\t\t\t\t\t\t<div class=\"rating none\">\n\t\t\t<div class=\"star-rating none\"><\/div>\n\t\t\t<div class=\"review-count\">\n\t\t\t\t(0 review)\n\t\t\t<\/div>\n\t\t<\/div>\n\t\t\t\t<h3 class=\"product-title\"><a href=\"https:\/\/lactedeco.fr\/index.php\/product\/vase-2\/\">Vase<\/a><\/h3>\n\t\t\t\n\t<span class=\"price\"><span class=\"woocommerce-Price-amount amount\"><bdi>3,00&nbsp;<span class=\"woocommerce-Price-currencySymbol\">&euro;<\/span><\/bdi><\/span><\/span>\n\t\t<\/div>\n\t<\/div>\n<\/div>\t\t\t\t\t\t\t<\/div>\r\n\t\t\t\t\t<div class=\"item-product col-xl-4 col-lg-4 col-md-4 col-4\">\r\n\t\t\t\t\t\t\t\t\t<div class=\"products-entry content-product1 clearfix product-wapper\">\n\t<div class=\"products-thumb\">\n\t\t\t<div class='product-lable'>\n\t\t\t\t\t\t\t\t\n\t\t\t<\/div>\n<a href=\"https:\/\/lactedeco.fr\/index.php\/product\/boite-a-alliance\/\" class=\"woocommerce-LoopProduct-link\"><img decoding=\"async\" width=\"300\" height=\"300\" src=\"https:\/\/lactedeco.fr\/wp-content\/uploads\/2026\/01\/250928_L_acte-deco-3-1-300x300.jpg\" class=\"fade-in lazyload wp-post-image\" alt=\"\" loading=\"eager\" \/><\/a>\t\t<div class='product-button'>\n\t\t\t<a rel=\"nofollow\" href=\"\/index.php\/wp-json\/wp\/v2\/pages\/29240?add-to-cart=29475\" data-quantity=\"1\" data-product_id=\"29475\" data-product_sku=\"\" class=\"button product_type_simple add_to_cart_button ajax_add_to_cart\">Ajouter au panier<\/a><button class=\"woosw-btn woosw-btn-29475\" data-id=\"29475\" data-product_name=\"Boite \u00e0 alliance\" data-product_image=\"https:\/\/lactedeco.fr\/wp-content\/uploads\/2026\/01\/250928_L_acte-deco-3-1-150x150.jpg\" aria-label=\"Add to wishlist\">Add to wishlist<\/button><span class=\"product-quickview\"><a href=\"#\" data-product_id=\"29475\" class=\"quickview quickview-button quickview-29475\" >Quick View <i class=\"feather-search\"><\/i><\/a><\/span>\t\t<\/div>\n\t\t\t<\/div>\n\t<div class=\"products-content\">\n\t\t<div class=\"contents\">\n\t\t\t\t\t\t<div class=\"rating none\">\n\t\t\t<div class=\"star-rating none\"><\/div>\n\t\t\t<div class=\"review-count\">\n\t\t\t\t(0 review)\n\t\t\t<\/div>\n\t\t<\/div>\n\t\t\t\t<h3 class=\"product-title\"><a href=\"https:\/\/lactedeco.fr\/index.php\/product\/boite-a-alliance\/\">Boite \u00e0 alliance<\/a><\/h3>\n\t\t\t\n\t<span class=\"price\"><span class=\"woocommerce-Price-amount amount\"><bdi>5,00&nbsp;<span class=\"woocommerce-Price-currencySymbol\">&euro;<\/span><\/bdi><\/span><\/span>\n\t\t<\/div>\n\t<\/div>\n<\/div>\t\t\t\t\t\t\t<\/div>\r\n\t\t\t\t<\/div>\t\t\r\n\t<\/div>\r\n\t\t\t\t\t<\/div>\n\t\t\t\t<\/div>\n\t\t\t\t\t<\/div>\n\t\t\t\t<\/div>\n\t\t\t\t<\/div>\n\t\t","protected":false},"excerpt":{"rendered":"<p>MON ACCOMPAGNEMENT Je vous accompagne pour imaginer et concevoir une d\u00e9coration qui vous ressemble, avec une approche personnalis\u00e9e de la premi\u00e8re id\u00e9e jusqu&#8217;\u00e0 la mise en place le jour J. Mariage, bapt\u00eame, anniversaire, \u00e9v\u00e9nement professionnel&#8230; Tout y passe ! Pour commencer lors d&#8217;un 1er rendez-vous, autour d&#8217;un caf\u00e9 ou d&#8217;un \u00e9change visio, on prend le [&hellip;]<\/p>\n","protected":false},"author":1,"featured_media":0,"parent":0,"menu_order":0,"comment_status":"closed","ping_status":"closed","template":"elementor_theme","meta":{"footnotes":""},"class_list":["post-29240","page","type-page","status-publish","hentry","has-post-thumbnail"],"_links":{"self":[{"href":"https:\/\/lactedeco.fr\/index.php\/wp-json\/wp\/v2\/pages\/29240","targetHints":{"allow":["GET"]}}],"collection":[{"href":"https:\/\/lactedeco.fr\/index.php\/wp-json\/wp\/v2\/pages"}],"about":[{"href":"https:\/\/lactedeco.fr\/index.php\/wp-json\/wp\/v2\/types\/page"}],"author":[{"embeddable":true,"href":"https:\/\/lactedeco.fr\/index.php\/wp-json\/wp\/v2\/users\/1"}],"replies":[{"embeddable":true,"href":"https:\/\/lactedeco.fr\/index.php\/wp-json\/wp\/v2\/comments?post=29240"}],"version-history":[{"count":85,"href":"https:\/\/lactedeco.fr\/index.php\/wp-json\/wp\/v2\/pages\/29240\/revisions"}],"predecessor-version":[{"id":29559,"href":"https:\/\/lactedeco.fr\/index.php\/wp-json\/wp\/v2\/pages\/29240\/revisions\/29559"}],"wp:attachment":[{"href":"https:\/\/lactedeco.fr\/index.php\/wp-json\/wp\/v2\/media?parent=29240"}],"curies":[{"name":"wp","href":"https:\/\/api.w.org\/{rel}","templated":true}]}}