{"id":29512,"date":"2026-01-17T15:03:41","date_gmt":"2026-01-17T15:03:41","guid":{"rendered":"https:\/\/lactedeco.fr\/?post_type=product&#038;p=29512"},"modified":"2026-01-17T15:03:41","modified_gmt":"2026-01-17T15:03:41","slug":"plateau","status":"publish","type":"product","link":"https:\/\/lactedeco.fr\/index.php\/product\/plateau\/","title":{"rendered":"Plateau"},"content":{"rendered":"<p>Plateau en bois, ideale pour la d\u00e9coration de vos tables en apportant un c\u00f4t\u00e9 chaleureux avec le bois, en y positionnant vase, bougeoir ou photophore. Diam\u00e8tre 40cm.<\/p>\n","protected":false},"excerpt":{"rendered":"<p>Plateau en bois, ideale pour la d\u00e9coration de vos tables en apportant un c\u00f4t\u00e9 chaleureux avec le bois, en y positionnant vase, bougeoir ou photophore. Diam\u00e8tre 40cm.<\/p>\n","protected":false},"featured_media":29513,"template":"","meta":[],"product_brand":[],"product_cat":[149],"product_tag":[],"class_list":{"0":"post-29512","1":"product","2":"type-product","3":"status-publish","4":"has-post-thumbnail","6":"product_cat-decoration","9":"first","10":"instock","11":"shipping-taxable","12":"purchasable","13":"product-type-simple"},"_links":{"self":[{"href":"https:\/\/lactedeco.fr\/index.php\/wp-json\/wp\/v2\/product\/29512","targetHints":{"allow":["GET"]}}],"collection":[{"href":"https:\/\/lactedeco.fr\/index.php\/wp-json\/wp\/v2\/product"}],"about":[{"href":"https:\/\/lactedeco.fr\/index.php\/wp-json\/wp\/v2\/types\/product"}],"wp:featuredmedia":[{"embeddable":true,"href":"https:\/\/lactedeco.fr\/index.php\/wp-json\/wp\/v2\/media\/29513"}],"wp:attachment":[{"href":"https:\/\/lactedeco.fr\/index.php\/wp-json\/wp\/v2\/media?parent=29512"}],"wp:term":[{"taxonomy":"product_brand","embeddable":true,"href":"https:\/\/lactedeco.fr\/index.php\/wp-json\/wp\/v2\/product_brand?post=29512"},{"taxonomy":"product_cat","embeddable":true,"href":"https:\/\/lactedeco.fr\/index.php\/wp-json\/wp\/v2\/product_cat?post=29512"},{"taxonomy":"product_tag","embeddable":true,"href":"https:\/\/lactedeco.fr\/index.php\/wp-json\/wp\/v2\/product_tag?post=29512"}],"curies":[{"name":"wp","href":"https:\/\/api.w.org\/{rel}","templated":true}]}}