{"id":29762,"date":"2026-03-16T14:50:30","date_gmt":"2026-03-16T14:50:30","guid":{"rendered":"https:\/\/lactedeco.fr\/?post_type=product&#038;p=29762"},"modified":"2026-03-16T14:50:30","modified_gmt":"2026-03-16T14:50:30","slug":"vase-3","status":"publish","type":"product","link":"https:\/\/lactedeco.fr\/index.php\/product\/vase-3\/","title":{"rendered":"Vase"},"content":{"rendered":"<p>Vase en verre facett\u00e9, son design \u00e9l\u00e9gant capte la lumi\u00e8re et sublime vos compositions florales pour un d\u00e9cor chic et moderne.<\/p>\n","protected":false},"excerpt":{"rendered":"<p>Vase en verre facett\u00e9, son design \u00e9l\u00e9gant capte la lumi\u00e8re et sublime vos compositions florales pour un d\u00e9cor chic et moderne.<\/p>\n","protected":false},"featured_media":29763,"template":"","meta":[],"product_brand":[],"product_cat":[151],"product_tag":[],"class_list":{"0":"post-29762","1":"product","2":"type-product","3":"status-publish","4":"has-post-thumbnail","6":"product_cat-vases-et-contenants","9":"first","10":"instock","11":"shipping-taxable","12":"purchasable","13":"product-type-simple"},"_links":{"self":[{"href":"https:\/\/lactedeco.fr\/index.php\/wp-json\/wp\/v2\/product\/29762","targetHints":{"allow":["GET"]}}],"collection":[{"href":"https:\/\/lactedeco.fr\/index.php\/wp-json\/wp\/v2\/product"}],"about":[{"href":"https:\/\/lactedeco.fr\/index.php\/wp-json\/wp\/v2\/types\/product"}],"wp:featuredmedia":[{"embeddable":true,"href":"https:\/\/lactedeco.fr\/index.php\/wp-json\/wp\/v2\/media\/29763"}],"wp:attachment":[{"href":"https:\/\/lactedeco.fr\/index.php\/wp-json\/wp\/v2\/media?parent=29762"}],"wp:term":[{"taxonomy":"product_brand","embeddable":true,"href":"https:\/\/lactedeco.fr\/index.php\/wp-json\/wp\/v2\/product_brand?post=29762"},{"taxonomy":"product_cat","embeddable":true,"href":"https:\/\/lactedeco.fr\/index.php\/wp-json\/wp\/v2\/product_cat?post=29762"},{"taxonomy":"product_tag","embeddable":true,"href":"https:\/\/lactedeco.fr\/index.php\/wp-json\/wp\/v2\/product_tag?post=29762"}],"curies":[{"name":"wp","href":"https:\/\/api.w.org\/{rel}","templated":true}]}}